{"id":204,"date":"2025-12-22T00:05:44","date_gmt":"2025-12-21T23:05:44","guid":{"rendered":"http:\/\/www.weihnachtszeiten.de\/aktuell\/?page_id=204"},"modified":"2025-11-29T07:48:59","modified_gmt":"2025-11-29T06:48:59","slug":"22-dezember","status":"publish","type":"page","link":"http:\/\/www.weihnachtszeiten.de\/aktuell\/kalender\/22-dezember\/","title":{"rendered":"22. Dezember 2025"},"content":{"rendered":"<table style=\"margin:auto;\" border=\"0\" cellspacing=\"0\" cellpadding=\"0\">\n<tbody>\n<tr>\n<td><a href=\"?page_id=203\"><img loading=\"lazy\" decoding=\"async\" style=\"margin-right:25px;\" src=\"\/aktuell\/wp-content\/uploads\/p1\/linkfarb.gif\" border=\"0\" alt=\"einen Tag zur&#252;ck\" width=\"40\" height=\"44\" \/><\/a><\/td>\n<td><img loading=\"lazy\" decoding=\"async\" style=\"margin-right:5px\" src=\"\/aktuell\/wp-content\/uploads\/p1\/date_1.gif\" alt=\"Heute ist der\" hspace=\"5\" width=\"172\" height=\"37\" \/><\/td>\n<td><img loading=\"lazy\" decoding=\"async\" src=\"\/aktuell\/wp-content\/uploads\/p1\/2212_1.gif\" alt=\"22. Dezember\" title=\"22. Dezember\" width=\"174\" height=\"37\" hspace=\"2\" vspace=\"2\" border=\"0\" \/><\/td>\n<td><a href=\"?page_id=205\"><img loading=\"lazy\" decoding=\"async\" style=\"margin-left:25px;\" src=\"\/aktuell\/wp-content\/uploads\/p1\/rechtfarb.gif\" border=\"0\" alt=\"einen Tag vor\" width=\"40\" height=\"44\" \/><\/a><\/td>\n<\/tr>\n<\/tbody>\n<\/table>\n<p><!--Datum Ende--><\/p>\n<p class=\"zitat\"><a name=\"kalender\"><\/a><div style=\"text-align:center; margin:2px 10px 2px 10px;\"><span style=\"color:#4A567E\">\u00bbMach dir keinen Gedanken \u00fcber die Gr\u00f6\u00dfe deines Christbaums. <br \/>\r\nIn den Augen der Kinder sind sie allesamt zehn Meter hoch.\u00ab<br\/><small>&nbsp;Herkunft unbekannt<\/small><\/span><\/div><\/p>\n<p style=\"text-align: center;\"><img loading=\"lazy\" decoding=\"async\" src=\"\/aktuell\/wp-content\/uploads\/p1\/weihnachtsbaume.gif\" alt=\"Weihnachtsb&#228;ume\" title=\"Weihnachtsb&#228;ume\" width=\"235\" height=\"35\" hspace=\"2\" vspace=\"2\" border=\"0\" \/><br \/>\n<small><a href=\"?s=falke\">Gustav Falke<\/a> (1853-1916)<\/small><\/p>\n<p style=\"text-align: center;\">Nun kommen die vielen Weihnachtsb&#228;ume<br \/>\naus dem Wald in die Stadt herein.<br \/>\nTr&#228;umen sie ihre Waldestr&#228;ume<br \/>\nwieder beim Laternenschein?<\/p>\n<p style=\"text-align: center;\">K&#246;nnten sie sprechen! Die holden Geschichten<br \/>\nvon der Waldfrau, die M&#228;rchen webt,<br \/>\nwas wir uns erst alles erdichten,<br \/>\nsie haben das alles wirklich erlebt.<\/p>\n<p style=\"text-align: center;\">Da steh\u00b4n sie nun an den Stra&#223;en und schauen<br \/>\nwunderlich und fremd darein,<br \/>\nals ob sie der Zukunft nicht trauen,<br \/>\nes mu&#223; doch was im Werke sein!<\/p>\n<p style=\"text-align: center;\">Freilich, wenn sie dann in den Stuben<br \/>\nim Schmuck der hellen Kerzen stehn,<br \/>\nund den kleinen M&#228;dchen und Buben<br \/>\nin die gl&#228;nzenden Augen sehn,<\/p>\n<p style=\"text-align: center;\">Dann ist ihnen auf einmal, als h&#228;tte<br \/>\nihnen das alles schon mal getr&#228;umt,<br \/>\nals sie noch im Wurzelbette<br \/>\nden stillen Waldweg einges&#228;umt.<\/p>\n<p style=\"text-align: center;\">Dann stehen sie da, so still und selig,<br \/>\nals w&#228;re ihr heimlichstes W&#252;nschen erf&#252;llt,<br \/>\nals h&#228;tte sich ihnen doch allm&#228;hlich<br \/>\nihres Lebens Sinn enth&#252;llt;<\/p>\n<p style=\"text-align: center;\">Als w&#228;ren sie f&#252;r Konfekt und Lichter<br \/>\nvorherbestimmt, und es m&#252;&#223;te so sein,<br \/>\nund ihre spitzen Nadelgesichter<br \/>\nsehen ganz verkl&#228;rt darein.<\/p>\n<p style=\"text-align: center;\"><img loading=\"lazy\" decoding=\"async\" class=\"content\" src=\"\/aktuell\/wp-content\/uploads\/p3\/hauptbahnhof_560.jpg\" alt=\"Leipzig Hauptbahnhof\" title=\"Leipzig Hauptbahnhof\" width=\"560\" height=\"374\" hspace=\"2\" vspace=\"2\" border=\"0\" \/><br \/>\n<small>Leipzig Hbf &#8211; Dezember 2008<\/small><br \/>\n<!--Start Navigator--><a name=\"wissen\"><\/a><\/p>\n<table style=\"margin:auto;\" border=\"0\" align=\"center\">\n<tbody>\n<tr align=\"center\">\n<td><a title=\"einen Schritt zur&#252;ck\" href=\"javascript:history.back()\"><img loading=\"lazy\" decoding=\"async\" src=\"\/aktuell\/wp-content\/uploads\/p1\/links.gif\" alt=\"zur&#252;ck\" border=\"0\" height=\"44\" width=\"40\"><\/a><\/td>\n<td width=\"423\"><img loading=\"lazy\" decoding=\"async\" style=\"margin: 15px;\" src=\"\/aktuell\/wp-content\/uploads\/p1\/line423.gif\" alt=\"loading...\" border=\"0\" height=\"23\" hspace=\"20\" width=\"423\"><\/td>\n<td><a title=\"zum Kalender\" href=\"?page_id=175\"><img loading=\"lazy\" decoding=\"async\" src=\"\/aktuell\/wp-content\/uploads\/p1\/rechts.gif\" alt=\"zum Kalender\" border=\"0\" height=\"44\" width=\"40\"><\/a><\/td>\n<\/tr>\n<\/tbody>\n<\/table>\n<p><!--Ende Navigator--><\/p>\n<p style=\"text-align: center;\"><img loading=\"lazy\" decoding=\"async\" src=\"\/aktuell\/wp-content\/uploads\/p1\/christbaum2.gif\" alt=\"Daten rund um den Weihnachtsbaum\" title=\"Daten rund um den Weihnachtsbaum\" width=\"503\" height=\"36\" hspace=\"2\" vspace=\"2\" border=\"0\" \/><\/p>\n<p>Der Brauch, einen Nadelbaum aufzustellen, ist noch gar nicht so alt. Die Sitte, gr&#252;ne Tannenzweige (Wintermaien) ins Haus zu stellen, wird aber schon f&#252;r 1494 im \u00bbNarrenschiff\u00ab Sebastian Brants bezeugt. Sie galten als Symbol f&#252;r die Unverg&#228;nglichkeit der Natur, sollten Unheil abwenden und k&#252;ndeten von der Fruchtbarkeit des n&#228;chsten Fr&#252;hjahres. Als sich sp&#228;ter die christlichen Weihnachtsbr&#228;uche durchsetzten, verloren diese Zweige ihre urspr&#252;ngliche Bedeutung und waren nur noch Schmuck und Dekoration.<br \/>\nVon 1535 ist &#252;berliefert, da&#223; in Stra&#223;burg kleine Eiben, Stechpalmen und Buchsb&#228;umchen verkauft wurden, die noch ohne Kerzen in den Stuben aufgeh&#228;ngt wurden.<br \/>\nEin Weihnachtbaum wird erstmalig 1604 in einer Stra&#223;burger Chronik erw&#228;hnt: Da ist die Rede von einem \u00bbDannenbaum\u00ab, beh&#228;ngt mit Rosen aus farbigem Papier, &#196;pfeln, Oblaten und Zuckerzeug.<br \/>\nDer erste kerzengeschm&#252;ckte Tannenbaum soll 1611 in Schlesien im Schlo&#223; der Herzogin Dorothea Sybille von Schlesien gestanden haben. Lieselotte von der Pfalz berichtete in einem Brief 1708 von einem Buchsb&#228;umchen mit Kerzen. Goethe lernte den Weihnachtsbaum in Stra&#223;burg 1770 kennen, und in Berlin soll der erste Weihnachtsbaum um 1780 aufgetaucht sein. F&#252;r das Jahr 1813 werden die ersten Weihnachtsb&#228;ume aus Wien und Graz gemeldet, 1815 aus Danzig.<br \/>\nWeiter verbreitet hat sich der Christbaum in &#214;sterreich erst seit Henriette von Nassau-Weilburg (Gemahlin des Erzherzogs Karl) im Jahre 1816 das Weihnachtsfest mit dem kerzengeschm&#252;ckten <img loading=\"lazy\" decoding=\"async\" src=\"\/aktuell\/wp-content\/uploads\/p3\/kinkade-rockefeller.jpg\" alt=\"Rockefeller Center Christmas Tree - T. Kinkade\" title=\"Rockefeller Center Christmas Tree - T. Kinkade\" class=\"rightborder\" width=\"275\" height=\"340\" hspace=\"2\" vspace=\"2\" border=\"0\" \/> Weihnachtsbaum gefeiert hatte.<br \/>\nVolkst&#252;mlich wurde er erst durch den deutsch-franz&#246;sischen Krieg von 1870. Am Weihnachtsabend dieses Jahres stellten deutsche Soldaten an der Front Tannen-b&#228;ume auf.<\/p>\n<p>In die &#8218;Neue Welt&#8216; kam der Christmas Tree gewisserma&#223;en im Reisegep&#228;ck deutscher Auswanderer und ist seit 1830 nachge-wiesen.<br \/>\n1891 wurde erstmals ein Lichterbaum vor dem Wei&#223;en Haus, dem Amtssitz des Pr&#228;sidenten der USA, in Washington aufgestellt.<br \/>\nMit zunehmendem Eisenbahnverkehr im 19. Jahrhundert wurde der Weihnachtsbaum in ganz Deutschland bekannt. Anders als die evangelischen Gemeinden sperrte sich die katholische Kirche zun&#228;chst gegen die B&#228;ume. Sie sah in den Krippen ein gen&#252;gend aussagekr&#228;ftiges Symbol f&#252;r das Weihnachtsgeschehen, aber es gibt heute keine katholische Kirche mehr, in der nicht wenigstens ein Baum steht.<\/p>\n<p><!--Start Navigator--><a name=\"gedicht\"><\/a><\/p>\n<table style=\"margin:auto;\" border=\"0\" align=\"center\">\n<tbody>\n<tr align=\"center\">\n<td><a title=\"einen Schritt zur&#252;ck\" href=\"javascript:history.back()\"><img loading=\"lazy\" decoding=\"async\" src=\"\/aktuell\/wp-content\/uploads\/p1\/links.gif\" alt=\"zur&#252;ck\" border=\"0\" height=\"44\" width=\"40\"><\/a><\/td>\n<td width=\"423\"><img loading=\"lazy\" decoding=\"async\" style=\"margin: 15px;\" src=\"\/aktuell\/wp-content\/uploads\/p1\/line423.gif\" alt=\"loading...\" border=\"0\" height=\"23\" hspace=\"20\" width=\"423\"><\/td>\n<td><a title=\"zum Kalender\" href=\"?page_id=175\"><img loading=\"lazy\" decoding=\"async\" src=\"\/aktuell\/wp-content\/uploads\/p1\/rechts.gif\" alt=\"zum Kalender\" border=\"0\" height=\"44\" width=\"40\"><\/a><\/td>\n<\/tr>\n<\/tbody>\n<\/table>\n<p><!--Ende Navigator--><\/p>\n<p style=\"text-align: center;\"><img loading=\"lazy\" decoding=\"async\" src=\"\/aktuell\/wp-content\/uploads\/p1\/spurenvon.gif\" alt=\"Spuren von winzigen Zehen\" title=\"Spuren von winzigen Zehen\" width=\"354\" height=\"37\" hspace=\"2\" vspace=\"2\" border=\"0\" \/><br \/>\n<small>von Josef Guggenmos<\/small><\/p>\n<p style=\"text-align: center;\">Was ist da im Schnee zu sehen?<br \/>\nSpuren von winzigen Zehen.<br \/>\nEine kleine Maus &#8211;<br \/>\nhier kam sie heraus!<\/p>\n<p style=\"text-align: center;\">Verschwunden ist sie, husch,<br \/>\nin jenem Loch vorm Haselbusch.<br \/>\nZwischen den Tritten<br \/>\nfein &#8211; ein Strich.<\/p>\n<p style=\"text-align: center;\">Was kann&#8217;s sein?<br \/>\nDa zog sie das Schw&#228;nzelein<br \/>\nhinter sich drein.<br \/>\n<img loading=\"lazy\" decoding=\"async\" src=\"\/aktuell\/wp-content\/uploads\/p2\/karte47-1.gif\" alt=\"Spuren...\" title=\"Spuren...\" width=\"247\" height=\"156\" hspace=\"2\" vspace=\"2\" border=\"0\" \/><\/p>\n","protected":false},"excerpt":{"rendered":"<p>Gustav Falke (1853-1916) Nun kommen die vielen Weihnachtsb&#228;ume aus dem Wald in die Stadt herein. Tr&#228;umen sie ihre Waldestr&#228;ume wieder beim Laternenschein? K&#246;nnten sie sprechen! Die holden Geschichten von der Waldfrau, die M&#228;rchen webt, was wir uns erst alles erdichten, sie haben das alles wirklich erlebt. Da steh\u00b4n sie nun an den Stra&#223;en und schauen [&hellip;]<\/p>\n","protected":false},"author":1,"featured_media":0,"parent":175,"menu_order":24,"comment_status":"closed","ping_status":"closed","template":"","meta":{"footnotes":""},"class_list":["post-204","page","type-page","status-publish","hentry"],"_links":{"self":[{"href":"http:\/\/www.weihnachtszeiten.de\/aktuell\/wp-json\/wp\/v2\/pages\/204","targetHints":{"allow":["GET"]}}],"collection":[{"href":"http:\/\/www.weihnachtszeiten.de\/aktuell\/wp-json\/wp\/v2\/pages"}],"about":[{"href":"http:\/\/www.weihnachtszeiten.de\/aktuell\/wp-json\/wp\/v2\/types\/page"}],"author":[{"embeddable":true,"href":"http:\/\/www.weihnachtszeiten.de\/aktuell\/wp-json\/wp\/v2\/users\/1"}],"replies":[{"embeddable":true,"href":"http:\/\/www.weihnachtszeiten.de\/aktuell\/wp-json\/wp\/v2\/comments?post=204"}],"version-history":[{"count":0,"href":"http:\/\/www.weihnachtszeiten.de\/aktuell\/wp-json\/wp\/v2\/pages\/204\/revisions"}],"up":[{"embeddable":true,"href":"http:\/\/www.weihnachtszeiten.de\/aktuell\/wp-json\/wp\/v2\/pages\/175"}],"wp:attachment":[{"href":"http:\/\/www.weihnachtszeiten.de\/aktuell\/wp-json\/wp\/v2\/media?parent=204"}],"curies":[{"name":"wp","href":"https:\/\/api.w.org\/{rel}","templated":true}]}}